{"id":6,"date":"2015-11-16T13:14:02","date_gmt":"2015-11-16T11:14:02","guid":{"rendered":"http:\/\/www.unomak.com\/index.php\/iletisim\/"},"modified":"2026-04-16T12:02:31","modified_gmt":"2026-04-16T09:02:31","slug":"iletisim","status":"publish","type":"page","link":"https:\/\/www.unomak.com\/index.php\/iletisim","title":{"rendered":"\u0130LET\u0130\u015e\u0130M"},"content":{"rendered":"<p>\u00a0<\/p>\n<p><img decoding=\"async\" loading=\"lazy\" class=\"alignnone  wp-image-515\" src=\"http:\/\/www.unomak.com\/wp-content\/uploads\/2021\/03\/YouTube-Logo-300x249.png\" alt=\"\" width=\"551\" height=\"457\" srcset=\"https:\/\/www.unomak.com\/wp-content\/uploads\/2021\/03\/YouTube-Logo-300x249.png 300w, https:\/\/www.unomak.com\/wp-content\/uploads\/2021\/03\/YouTube-Logo-1024x850.png 1024w, https:\/\/www.unomak.com\/wp-content\/uploads\/2021\/03\/YouTube-Logo.png 1164w\" sizes=\"(max-width: 551px) 100vw, 551px\" \/><\/p>\n<p>\u00a0<\/p>\n<p>\u00a0 \u00a0 \u00a0 \u00a0 \u00a0 \u00a0 \u00a0 \u00a0 \u00a0 \u00a0 \u00a0 \u00a0 \u00a0 \u00a0 \u00a0 \u00a0 <img decoding=\"async\" loading=\"lazy\" class=\"alignnone size-medium wp-image-522\" src=\"http:\/\/www.unomak.com\/wp-content\/uploads\/2021\/03\/unomak-konum-bilgisi-300x300.png\" alt=\"\" width=\"300\" height=\"300\" srcset=\"https:\/\/www.unomak.com\/wp-content\/uploads\/2021\/03\/unomak-konum-bilgisi-300x300.png 300w, https:\/\/www.unomak.com\/wp-content\/uploads\/2021\/03\/unomak-konum-bilgisi-150x150.png 150w, https:\/\/www.unomak.com\/wp-content\/uploads\/2021\/03\/unomak-konum-bilgisi.png 688w\" sizes=\"(max-width: 300px) 100vw, 300px\" \/><\/p>\n<p><strong>\u00a0 \u00a0 \u00a0 \u00a0 \u00a0 \u00a0 \u00a0 \u00a0 \u00a0 \u00a0 \u00a0 \u00a0 \u00a0 \u00a0 \u00a0 \u00a0 \u00a0<img decoding=\"async\" loading=\"lazy\" class=\"alignnone size-medium wp-image-532\" src=\"http:\/\/www.unomak.com\/wp-content\/uploads\/2021\/03\/konum-300x300.png\" alt=\"\" width=\"300\" height=\"300\" srcset=\"https:\/\/www.unomak.com\/wp-content\/uploads\/2021\/03\/konum.png 300w, https:\/\/www.unomak.com\/wp-content\/uploads\/2021\/03\/konum-150x150.png 150w\" sizes=\"(max-width: 300px) 100vw, 300px\" \/><\/strong>\u00a0 \u00a0 \u00a0 \u00a0 \u00a0 \u00a0 \u00a0 \u00a0 \u00a0 \u00a0 \u00a0 \u00a0 \u00a0 \u00a0 \u00a0 \u00a0 \u00a0<\/p>\n<p>\u0130leti\u015fim Bilgileri<\/p>\n<p><strong>Sat\u0131\u015f \u00d6ncesi Sorular\u0131n\u0131z \u0130\u00e7in Telefon Numaram\u0131z <\/strong><br \/>(0212) 736 13 68<\/p>\n<p>Haftan\u0131n her g\u00fcn\u00fc 08:00 ile 19:00 saatleri aras\u0131nda sat\u0131\u015f \u00f6ncesi sorular\u0131n\u0131z i\u00e7in telefon ile ula\u015fabilirsiniz. Teknik konulardaki destek talepleriniz i\u00e7in M\u00fc\u015fteri Panelimizi kullanman\u0131z gerekmektedir.<\/p>\n<p>Di\u011fer konular i\u00e7in a\u015fa\u011f\u0131daki formu doldurabilirsiniz.<\/p>\n<table style=\"height: 259px;\" border=\"0\" width=\"551\" align=\"center\">\n<tbody>\n<tr>\n<th class=\"style25\" scope=\"col\" width=\"16\"><img decoding=\"async\" loading=\"lazy\" class=\"alignleft\" src=\"http:\/\/unomak.com\/uno\/iletisim_firma_icon.jpg\" alt=\"\" width=\"15\" height=\"12\" \/><\/th>\n<td class=\"style25\" scope=\"col\" width=\"42\">\u00dcnvan<\/td>\n<th class=\"style25\" scope=\"col\" width=\"8\">:<\/th>\n<td class=\"style25\" scope=\"col\" width=\"213\">Unomak Makine San. ve Tic. Ltd. \u015eti<\/td>\n<\/tr>\n<tr>\n<td class=\"style25\"><img decoding=\"async\" loading=\"lazy\" src=\"http:\/\/unomak.com\/uno\/iletisim_home-icon6.gif\" alt=\"\" width=\"14\" height=\"14\" \/><\/td>\n<td class=\"style25\">Adres<\/td>\n<th class=\"style25\">:<\/th>\n<td class=\"style25\">Mimarsinan Mah. Fatih Sultan Mehmet Cad. Sancak Sanayi Sitesi No:4K-L (34570) Silivri\/\u0130stanbul<\/td>\n<\/tr>\n<tr>\n<td class=\"style25\"><img decoding=\"async\" loading=\"lazy\" src=\"http:\/\/unomak.com\/uno\/iletisim_mobile.JPG\" alt=\"\" width=\"16\" height=\"16\" \/><\/td>\n<td class=\"style25\">Telefon<\/td>\n<th class=\"style25\">:<\/th>\n<td class=\"style25\">+0 (212) 736 13 68<br \/>+0 (533) 541 28 60<\/td>\n<\/tr>\n<tr>\n<td class=\"style25\"><img decoding=\"async\" loading=\"lazy\" src=\"http:\/\/unomak.com\/uno\/iletisim_printer-blue.gif\" alt=\"\" width=\"14\" height=\"14\" \/><\/td>\n<td class=\"style25\">Fax<\/td>\n<th class=\"style25\">:<\/th>\n<td class=\"style25\">+0 (212) 736 03 10<\/td>\n<\/tr>\n<tr>\n<td class=\"style25\"><img decoding=\"async\" loading=\"lazy\" src=\"http:\/\/unomak.com\/uno\/iletisim_email-contact-blue.gif\" alt=\"\" width=\"14\" height=\"14\" \/><\/td>\n<td class=\"style25\">E-posta<\/td>\n<th class=\"style25\">:<\/th>\n<td class=\"style25\"><a href=\"mailto:info@unomak.com\">info@unomak.com<\/a><\/td>\n<\/tr>\n<\/tbody>\n<\/table>\n\n\n<p><\/p>\n","protected":false},"excerpt":{"rendered":"<p>\u00a0 \u00a0 \u00a0 \u00a0 \u00a0 \u00a0 \u00a0 \u00a0 \u00a0 \u00a0 \u00a0 \u00a0 \u00a0 \u00a0 \u00a0 \u00a0 \u00a0 \u00a0 \u00a0 \u00a0 \u00a0 \u00a0 \u00a0 \u00a0 \u00a0 \u00a0 \u00a0 \u00a0 \u00a0 \u00a0 \u00a0 \u00a0 \u00a0 \u00a0 \u00a0\u00a0 \u00a0 \u00a0 \u00a0 \u00a0 \u00a0 \u00a0 \u00a0 \u00a0 \u00a0 \u00a0 \u00a0 \u00a0 \u00a0 \u00a0 \u00a0 \u00a0 \u0130leti\u015fim Bilgileri Sat\u0131\u015f \u00d6ncesi [&hellip;]<\/p>\n","protected":false},"author":1,"featured_media":0,"parent":0,"menu_order":0,"comment_status":"closed","ping_status":"closed","template":"iletisim.php","meta":[],"yoast_head":"<!-- This site is optimized with the Yoast SEO plugin v19.9 - https:\/\/yoast.com\/wordpress\/plugins\/seo\/ -->\n<title>\u0130LET\u0130\u015e\u0130M - Unomak Makine<\/title>\n<meta name=\"robots\" content=\"index, follow, max-snippet:-1, max-image-preview:large, max-video-preview:-1\" \/>\n<link rel=\"canonical\" href=\"https:\/\/www.unomak.com\/index.php\/iletisim\" \/>\n<meta property=\"og:locale\" content=\"tr_TR\" \/>\n<meta property=\"og:type\" content=\"article\" \/>\n<meta property=\"og:title\" content=\"\u0130LET\u0130\u015e\u0130M - Unomak Makine\" \/>\n<meta property=\"og:description\" content=\"\u00a0 \u00a0 \u00a0 \u00a0 \u00a0 \u00a0 \u00a0 \u00a0 \u00a0 \u00a0 \u00a0 \u00a0 \u00a0 \u00a0 \u00a0 \u00a0 \u00a0 \u00a0 \u00a0 \u00a0 \u00a0 \u00a0 \u00a0 \u00a0 \u00a0 \u00a0 \u00a0 \u00a0 \u00a0 \u00a0 \u00a0 \u00a0 \u00a0 \u00a0 \u00a0\u00a0 \u00a0 \u00a0 \u00a0 \u00a0 \u00a0 \u00a0 \u00a0 \u00a0 \u00a0 \u00a0 \u00a0 \u00a0 \u00a0 \u00a0 \u00a0 \u00a0 \u0130leti\u015fim Bilgileri Sat\u0131\u015f \u00d6ncesi [&hellip;]\" \/>\n<meta property=\"og:url\" content=\"https:\/\/www.unomak.com\/index.php\/iletisim\" \/>\n<meta property=\"og:site_name\" content=\"Unomak Makine\" \/>\n<meta property=\"article:publisher\" content=\"https:\/\/tr-tr.facebook.com\/unomak\" \/>\n<meta property=\"article:modified_time\" content=\"2026-04-16T09:02:31+00:00\" \/>\n<meta property=\"og:image\" content=\"http:\/\/www.unomak.com\/wp-content\/uploads\/2021\/03\/YouTube-Logo-300x249.png\" \/>\n<meta name=\"twitter:card\" content=\"summary_large_image\" \/>\n<meta name=\"twitter:label1\" content=\"Tahmini okuma s\u00fcresi\" \/>\n\t<meta name=\"twitter:data1\" content=\"2 dakika\" \/>\n<script type=\"application\/ld+json\" class=\"yoast-schema-graph\">{\"@context\":\"https:\/\/schema.org\",\"@graph\":[{\"@type\":\"WebPage\",\"@id\":\"https:\/\/www.unomak.com\/index.php\/iletisim\",\"url\":\"https:\/\/www.unomak.com\/index.php\/iletisim\",\"name\":\"\u0130LET\u0130\u015e\u0130M - Unomak Makine\",\"isPartOf\":{\"@id\":\"https:\/\/www.unomak.com\/#website\"},\"datePublished\":\"2015-11-16T11:14:02+00:00\",\"dateModified\":\"2026-04-16T09:02:31+00:00\",\"breadcrumb\":{\"@id\":\"https:\/\/www.unomak.com\/index.php\/iletisim#breadcrumb\"},\"inLanguage\":\"tr\",\"potentialAction\":[{\"@type\":\"ReadAction\",\"target\":[\"https:\/\/www.unomak.com\/index.php\/iletisim\"]}]},{\"@type\":\"BreadcrumbList\",\"@id\":\"https:\/\/www.unomak.com\/index.php\/iletisim#breadcrumb\",\"itemListElement\":[{\"@type\":\"ListItem\",\"position\":1,\"name\":\"Anasayfa\",\"item\":\"https:\/\/www.unomak.com\/\"},{\"@type\":\"ListItem\",\"position\":2,\"name\":\"\u0130LET\u0130\u015e\u0130M\"}]},{\"@type\":\"WebSite\",\"@id\":\"https:\/\/www.unomak.com\/#website\",\"url\":\"https:\/\/www.unomak.com\/\",\"name\":\"Unomak Makine\",\"description\":\"Kazan\u00e7l\u0131 \u0130\u015f G\u00fcc\u00fcn\u00fcz...\",\"potentialAction\":[{\"@type\":\"SearchAction\",\"target\":{\"@type\":\"EntryPoint\",\"urlTemplate\":\"https:\/\/www.unomak.com\/?s={search_term_string}\"},\"query-input\":\"required name=search_term_string\"}],\"inLanguage\":\"tr\"}]}<\/script>\n<!-- \/ Yoast SEO plugin. -->","yoast_head_json":{"title":"\u0130LET\u0130\u015e\u0130M - Unomak Makine","robots":{"index":"index","follow":"follow","max-snippet":"max-snippet:-1","max-image-preview":"max-image-preview:large","max-video-preview":"max-video-preview:-1"},"canonical":"https:\/\/www.unomak.com\/index.php\/iletisim","og_locale":"tr_TR","og_type":"article","og_title":"\u0130LET\u0130\u015e\u0130M - Unomak Makine","og_description":"\u00a0 \u00a0 \u00a0 \u00a0 \u00a0 \u00a0 \u00a0 \u00a0 \u00a0 \u00a0 \u00a0 \u00a0 \u00a0 \u00a0 \u00a0 \u00a0 \u00a0 \u00a0 \u00a0 \u00a0 \u00a0 \u00a0 \u00a0 \u00a0 \u00a0 \u00a0 \u00a0 \u00a0 \u00a0 \u00a0 \u00a0 \u00a0 \u00a0 \u00a0 \u00a0\u00a0 \u00a0 \u00a0 \u00a0 \u00a0 \u00a0 \u00a0 \u00a0 \u00a0 \u00a0 \u00a0 \u00a0 \u00a0 \u00a0 \u00a0 \u00a0 \u00a0 \u0130leti\u015fim Bilgileri Sat\u0131\u015f \u00d6ncesi [&hellip;]","og_url":"https:\/\/www.unomak.com\/index.php\/iletisim","og_site_name":"Unomak Makine","article_publisher":"https:\/\/tr-tr.facebook.com\/unomak","article_modified_time":"2026-04-16T09:02:31+00:00","og_image":[{"url":"http:\/\/www.unomak.com\/wp-content\/uploads\/2021\/03\/YouTube-Logo-300x249.png"}],"twitter_card":"summary_large_image","twitter_misc":{"Tahmini okuma s\u00fcresi":"2 dakika"},"schema":{"@context":"https:\/\/schema.org","@graph":[{"@type":"WebPage","@id":"https:\/\/www.unomak.com\/index.php\/iletisim","url":"https:\/\/www.unomak.com\/index.php\/iletisim","name":"\u0130LET\u0130\u015e\u0130M - Unomak Makine","isPartOf":{"@id":"https:\/\/www.unomak.com\/#website"},"datePublished":"2015-11-16T11:14:02+00:00","dateModified":"2026-04-16T09:02:31+00:00","breadcrumb":{"@id":"https:\/\/www.unomak.com\/index.php\/iletisim#breadcrumb"},"inLanguage":"tr","potentialAction":[{"@type":"ReadAction","target":["https:\/\/www.unomak.com\/index.php\/iletisim"]}]},{"@type":"BreadcrumbList","@id":"https:\/\/www.unomak.com\/index.php\/iletisim#breadcrumb","itemListElement":[{"@type":"ListItem","position":1,"name":"Anasayfa","item":"https:\/\/www.unomak.com\/"},{"@type":"ListItem","position":2,"name":"\u0130LET\u0130\u015e\u0130M"}]},{"@type":"WebSite","@id":"https:\/\/www.unomak.com\/#website","url":"https:\/\/www.unomak.com\/","name":"Unomak Makine","description":"Kazan\u00e7l\u0131 \u0130\u015f G\u00fcc\u00fcn\u00fcz...","potentialAction":[{"@type":"SearchAction","target":{"@type":"EntryPoint","urlTemplate":"https:\/\/www.unomak.com\/?s={search_term_string}"},"query-input":"required name=search_term_string"}],"inLanguage":"tr"}]}},"_links":{"self":[{"href":"https:\/\/www.unomak.com\/index.php\/wp-json\/wp\/v2\/pages\/6"}],"collection":[{"href":"https:\/\/www.unomak.com\/index.php\/wp-json\/wp\/v2\/pages"}],"about":[{"href":"https:\/\/www.unomak.com\/index.php\/wp-json\/wp\/v2\/types\/page"}],"author":[{"embeddable":true,"href":"https:\/\/www.unomak.com\/index.php\/wp-json\/wp\/v2\/users\/1"}],"replies":[{"embeddable":true,"href":"https:\/\/www.unomak.com\/index.php\/wp-json\/wp\/v2\/comments?post=6"}],"version-history":[{"count":27,"href":"https:\/\/www.unomak.com\/index.php\/wp-json\/wp\/v2\/pages\/6\/revisions"}],"predecessor-version":[{"id":671,"href":"https:\/\/www.unomak.com\/index.php\/wp-json\/wp\/v2\/pages\/6\/revisions\/671"}],"wp:attachment":[{"href":"https:\/\/www.unomak.com\/index.php\/wp-json\/wp\/v2\/media?parent=6"}],"curies":[{"name":"wp","href":"https:\/\/api.w.org\/{rel}","templated":true}]}}